 Let w(h) = -b(h) - 2*u(h). Let p be 0 - (4 - (3 + -1)). Determine w(p).
-5
Let b(m) = 5*m - 1. Let d(i) = 8*i - 8. Let s(h) = -7*h + 7. Let y(r) = -6*d(r) - 7*s(r). Let o(p) = -b(p) + 6*y(p). Determine o(4).
-1
Let y = -4 + 8. Let o(t) = -2 - y*t + 2*t - 2*t + 5*t. Calculate o(4).
2
Let w(c) = c**2 - 3*c - 7. Let j(l) = -l**3 + l**2 + 2*l + 1. Let m be j(-1). Suppose -2*s = -9 - m. Calculate w(s).
3
Let y(s) be the third derivative of -s**6/144 + s**5/40 - 7*s**4/24 + 2*s**2. Let r(n) be the second derivative of y(n). Calculate r(2).
-7
Let y(p) = 26*p**3 - 2 + 21*p**3 + 5*p - p**2 - 48*p**3 - 2*p. Calculate y(2).
-8
Let h(g) = g**3 + 9*g**2 - 11*g - 12. Let q = -120 + 198. Let p be (-2)/8 - q/8. Let i be h(p). Let z(k) = -k**2. What is z(i)?
-4
Let u(b) = -26*b**3 - 4*b**2 + 6*b - 16. Let a(z) = 5*z**3 + z**2 - z + 3. Let x(m) = -16*a(m) - 3*u(m). Give x(-2).
4
Let f(k) be the third derivative of -3*k**2 + 1/60*k**5 + 0 + 0*k + 1/40*k**6 + 1/24*k**4 + 1/6*k**3. Let i = 3 - 4. What is f(i)?
-2
Let z(m) be the first derivative of 5/2*m**2 + 0*m + 2. Give z(-1).
-5
Let p = 8 - 4. Suppose -5*b + 6 = -p. Let s(i) = -5*i + 3*i**2 + i**3 + 3*i - 4*i**2 + 3*i**b + 1. Calculate s(1).
2
Suppose 18 + 4 = 2*b. Suppose 5*a - 2*a = 4*r + b, a + 3*r = -5. Let f(j) = 1 + 0 - j - a. What is f(-5)?
5
Let b(x) = 3*x**2 + 2*x + 2. Suppose 7*p - 4*p = -15. Let h(q) = 4*q**2 + q + 1. Let v(m) = p*b(m) + 4*h(m). Calculate v(6).
-6
Let w be 4 + (0 + 2 - -1). Let f(x) = -x + w*x - 5*x. Calculate f(0).
0
Let p = -80 - -83. Let i(w) = w - 2. Determine i(p).
1
Let j(i) = 2 - i - 2. Let x(b) = b + 1. Let h(z) = 2*z - 3. Let w be h(4). Let k(l) = w*j(l) + x(l). Calculate k(-1).
5
Let i(q) = -3*q + 1. Let p(s) = -2*s + 1. Let w(m) = -3*i(m) + 4*p(m). Suppose 16 - 4 = -3*c, 0 = -3*r + c - 8. Determine w(r).
-3
Let u(l) be the third derivative of -l**5/120 - 13*l**4/24 + 5*l**3/6 + 4*l**2. Let x(f) be the first derivative of u(f). What is x(0)?
-13
Let y(r) be the second derivative of 0*r**2 - 2*r - 1/12*r**4 + 0 - 1/6*r**3. What is y(-1)?
0
Let r(p) = -p**2 - p - 1. Let f(u) = u**3 - 2*u**2 + 12*u + 1. Let k(z) = -f(z) - 5*r(z). Give k(6).
-2
Let z be 1/(-2) - ((-11)/2 - -4). Let m(u) = -21*u - 1. Give m(z).
-22
Suppose s = -3*v + 12, 13 = 2*v + 4*s - 5. Suppose 0 = v*n - 4*n + 2. Let d(g) = 0 + 2 + 0 - g. Determine d(n).
0
Let q(c) be the first derivative of -6*c - 4 - 1/2*c**2. Let u be q(-6). Let g(b) = -b**3 - b**2 - b + 2. Give g(u).
2
Let t(a) be the third derivative of a**4/8 - 3*a**2. Let z(g) = 3*g + 4. Let c be z(-4). Let y be 2/(-4)*c/(-2). Determine t(y).
-6
Let w = -8 - -9. Let a(l) be the third derivative of -l**6/120 - l**5/120 - l**3/6 - l**2. Let v(f) be the first derivative of a(f). What is v(w)?
-4
Let n(u) = 2*u + 1. Let l = 6 - 0. Let a = 8 - l. Suppose -2 = -0*t - a*t. Determine n(t).
3
Suppose 25 = -0*j + 5*j. Let h(f) be the third derivative of f**5/60 - 7*f**4/24 + 5*f**3/6 - 2*f**2. Calculate h(j).
-5
Let h(v) = v + 4. Suppose -5*r - 36 = -4*n, -5*r + 0*n = -n + 24. Give h(r).
0
Let x(i) = -i**2 + 6*i + 9. Let h be x(7). Let a(g) be the second derivative of 0 - 1/6*g**3 + g + 0*g**4 - g**h - 1/20*g**5. Give a(0).
-2
Let p(g) = -g**2 + 6*g + 1. Let n(v) = -3*v**2 + 13*v + 2. Let h(o) = 2*n(o) - 5*p(o). Let i be h(-4). Let y(m) = -5*m + 1. What is y(i)?
6
Let w(t) be the second derivative of t**3/3 + t**2/2 + 3*t. Calculate w(-1).
-1
Suppose -2*k + 31 = -5*g, g - 10 = k - 6*k. Let d(c) be the first derivative of -1/3*c**3 - k*c**2 - 5*c + 4. Calculate d(-5).
0
Let k(d) be the second derivative of 0 + 1/2*d**4 + 0*d**2 + 1/20*d**5 - d + d**3. Calculate k(-5).
-5
Let y(k) = 3 + 2*k**2 - k**2 - 3*k + 0*k. Suppose 5*p = -4*c - 0*p + 14, 3*c - 26 = 4*p. Suppose c = -o + 8. What is y(o)?
1
Let m(j) = -4*j - 3. Suppose 4*k - 9*k = 0. Suppose k*p - 1 = -v + 3*p, 0 = -2*v + 4*p. What is m(v)?
5
Let c = 3 + -3. Let p be (-10)/(-6)*(1 + 2). Let d(f) = -f + 0*f**3 + p*f**3 - 4*f**3. Give d(c).
0
Let w(i) = i - 1. Suppose -3*j + 5*j - 4 = 5*g, -3*g + 9 = -5*j. Let t be 1 + j - 28/7. Let r be (-26)/6 - 2/t. What is w(r)?
-5
Suppose y = -4*y - 20. Let s(p) = p**2 + p. Let i(a) = -4*a**2 - 4*a + 5. Let h(t) = -i(t) - 3*s(t). Calculate h(y).
7
Suppose n + 1 = 9. Suppose -3*h - 6*w + 11 = -2*w, 2*w = 10. Let g be n/h*(-6)/4. Let m(k) = -k**3 + 4*k**2 + k. Give m(g).
4
Let v(b) = -b**2 + 3*b - 1. Let f = -9 + 13. Let a be v(f). Let w be (-2 + 1 - a) + 0. Let m(q) = -q**2 + 3*q + 2. Calculate m(w).
-2
Suppose 3*f - 2*m = -25, -m = 3*f + 5 + 23. Let t(w) = w + 5. Determine t(f).
-4
Suppose -2*p - p = -9. Let x(o) = 13*o**p - 3*o**3 + 0*o**2 + 0*o**2. Determine x(1).
10
Let a(u) = 7*u**2 + 8*u**2 + 5 - 16*u**2 + 7*u. Determine a(7).
5
Suppose 0 = -4*k + 3 + 5. Let i(y) = -14*y**2 + 0 + 4*y + 2 + 13*y**k. Calculate i(4).
2
Let g(d) be the first derivative of -d**6/120 + d**5/12 + d**4/12 - d**3/6 + d**2/2 + 2. Let l(i) be the second derivative of g(i). Determine l(5).
9
Let k(v) = -v**3 - 3*v**2 + 2*v - 5. Suppose -4*y - 10 = -5*b, -7*b + 8 = -3*b - 5*y. Suppose -4*r = -b + 18. Give k(r).
3
Let g(n) = -n + 18. Let f be g(11). Let b(z) = z**3 - 7*z**2 - 3*z + 10. Give b(f).
-11
Let a(v) = v**2 + 2*v - 4. Let p be a(-4). Suppose -5*d - 3*o + 35 = 0, -4*d + 2*o + 5 = -1. Suppose 8 = -d*q - p. Let z(b) = b**3 + 3*b**2 + 3. What is z(q)?
3
Let t(s) be the second derivative of -s**5/10 + s**4/4 - s**3/3 - s**2 + 26*s. What is t(2)?
-10
Let p(n) be the third derivative of n**5/60 + n**4/8 + 24*n**2. Let s(o) = -o - 4. Let q be s(0). What is p(q)?
4
Let i(k) = k**2 - k - 4. Suppose -12 + 21 = 3*p. Determine i(p).
2
Let p(m) = -2*m + 1. Let d(u) be the second derivative of -u**5/20 - u**4/2 - 5*u**3/6 + u**2/2 + 3*u. Let y be d(-5). Let w = -4 + y. What is p(w)?
7
Suppose 0*d - 20 = -5*d. Let x(b) = 12 + b**2 - 23 + 12 - d*b. Determine x(4).
1
Let q(a) = a - 1. Let s(c) = c - 5. Let r(j) = -4*q(j) + 2*s(j). What is r(-5)?
4
Let p(b) be the third derivative of b**4/24 - b**3/6 - 2*b**2. Let g(k) = k**2 - k - 1. Let q be g(-2). Suppose q = 7*r - 2*r. Give p(r).
0
Let s(g) = -3*g**3 - 3*g**2 + 3. Let k(v) = v**3 - v**2 - v - 1. Let u(q) = -2*k(q) - s(q). Suppose -w - 2 = 2. Determine u(w).
7
Let k be (-2 - -4)/2 - 1. Let j(c) be the third derivative of -c**6/120 - c**5/60 + c**4/24 - 2*c**3/3 + 17*c**2 + 2*c. Give j(k).
-4
Let i(a) = 3 + 6 - 15 - 9*a + 7. Determine i(2).
-17
Let x = 4 + -8. Let y(b) = -b**2 - 3 + 4 + 0*b - 3*b. What is y(x)?
-3
Let a(i) = -3*i**3 + 5*i**2 - 5 + i**3 + i**3. Suppose -2*r - d = 4*d + 6, r = 3*d - 3. Let p be ((-5)/r)/(2/6). Determine a(p).
-5
Suppose 12 = -19*o - 7. Let z(c) = 12*c + 1. Calculate z(o).
-11
Let w(i) = -6*i. Let j(x) = -2*x**3 + 2*x**2 - x. Let r be j(1). Give w(r).
6
Let v(r) = -r**2 + 6*r - 2. Suppose 3*l - 4*j - 56 = 0, 2*j = 3*l - 0*j - 46. Suppose u = -u + l. Calculate v(u).
-2
Let y(q) = q**2 + 2*q + 0 + 1 - 5. What is y(-5)?
11
Let i(b) be the second derivative of b**7/1260 + b**5/60 + b**4/12 + 5*b. Let k(d) be the third derivative of i(d). Calculate k(2).
10
Let a(b) = b**2 - 1. Let y be a(2). Let l(w) = y - w - 9 + 0. Determine l(5).
-11
Let s(o) = o + 4. Let w be s(3). Let u(k) = 2*k**2 + 3*k + 6. Let x(r) = 5*r**2 + 5*r + 13. Let n(m) = 7*u(m) - 3*x(m). Calculate n(w).
-4
Let o(c) = c**3 + 2*c**2 + 2. Let r be o(-2). Let n(a) = -a + 1 + a**2 - a + r*a**2. Suppose i - 5 = -4*i. What is n(i)?
2
Suppose -d - 8 = -3*b + 8, 3*b + 2*d = 4. Let l(z) = -2*z**3 - 3*z**2 + 4*z + 2. Let v(u) = 3*u**3 + 4*u**2 - 5*u - 1. Let r(f) = b*l(f) + 3*v(f). Give r(0).
5
Let y(t) = 1 + t**2 + 51*t - 42*t + 2. Calculate y(-8).
-5
Let k(y) = -y**2 - y - 4. Let j = 36 + -39. Determine k(j).
-10
Let z(v) = v**3 - 18*v**2 - v + 22. Let s be z(18). Let y(d) = -3*d. What is y(s)?
-12
Let t(g) = -2*g - 10. Suppose 28 = -3*i - 4*f, -2*i - 4*f + 6 = 26. Determine t(i).
6
Let i be 1/(-4)*-2*6. Let v be (0 - 1 - -1) + i. Let n(m) = -4*m**2 + 2*m + 1. Let w(j) = 5*j**2 - 2*j - 1. Let p(r) = -4*n(r) - 3*w(r). Determine p(v).
2
Suppose -6*s = -s. Let a = -4 - s. Let j(f) = -2*f - 4. Determine j(a).
4
Let b = 4 - 0. Suppose -4*n + 16 - b = 0. Let l(o) = 2*o - 1. Calculate l(n).
5
Let y(n) = -n + 2. Suppose 4*o - o = 4*g - 14, -4 = 2*g + 4*o. Suppose -d + 5*p